33?
False
Does 5 divide 317554?
False
Is 3140653 a multiple of 854?
False
Is 469395 a multiple of 281?
False
Is 1419724 a multiple of 27?
False
Is 211926 a multiple of 26?
True
Is 711 a factor of 116271?
False
Is 22 a factor of 9943494?
True
Is 49 a factor of 175322?
True
Is 276 a factor of 231318?
False
Is 15 a factor of 161342?
False
Is 8631773 a multiple of 17?
False
Does 10 divide 174448?
False
Is 300 a factor of 203700?
True
Is 45792 a multiple of 212?
True
Does 29 divide 96889?
True
Is 12 a factor of 35721?
False
Is 148 a factor of 4552957?
False
Is 6 a factor of 448326?
True
Is 18 a factor of 296064?
True
Is 1893 a factor of 13419477?
True
Is 20263731 a multiple of 1484?
False
Is 12380 a multiple of 101?
False
Does 102 divide 443027?
False
Is 1042140 a multiple of 12?
True
Does 14 divide 271336?
False
Is 365937 a multiple of 39?
True
Is 87 a factor of 8614897?
False
Does 12 divide 203470?
False
Is 5398287 a multiple of 103?
False
Is 1148423 a multiple of 709?
False
Does 18 divide 3916572?
False
Does 5 divide 68515?
True
Does 17 divide 4831060?
True
Does 335 divide 53600?
True
Is 97 a factor of 116206?
True
Does 199 divide 176911?
True
Is 450 a factor of 5143652?
False
Does 2 divide 202301?
False
Is 879611 a multiple of 224?
False
Does 24 divide 28320?
True
Is 7851637 a multiple of 828?
False
Is 214669 a multiple of 394?
False
Is 794 a factor of 2673398?
True
Does 90 divide 24210?
True
Does 33 divide 319473?
True
Is 49 a factor of 2303343?
True
Is 94 a factor of 183112?
True
Is 104 a factor of 5477264?
True
Is 656261 a multiple of 47?
True
Is 9813 a multiple of 374?
False
Is 58695 a multiple of 43?
True
Is 226021 a multiple of 21?
False
Is 2200446 a multiple of 18?
True
Is 146628 a multiple of 12?
True
Is 2 a factor of 21556?
True
Is 12 a factor of 31020?
True
Is 435616 a multiple of 37?
False
Is 2277700 a multiple of 451?
False
Does 2 divide 10812?
True
Is 168 a factor of 25340784?
True
Does 36 divide 345240?
True
Is 35 a factor of 356475?
True
Does 835 divide 681486?
False
Does 153 divide 144126?
True
Is 75766 a multiple of 30?
False
Does 8 divide 143801?
False
Is 10858376 a multiple of 47?
False
Does 15 divide 493?
False
Does 16 divide 186249?
False
Does 38 divide 345192?
True
Is 1328499 a multiple of 323?
True
Is 15 a factor of 1199429?
False
Is 619 a factor of 8138394?
False
Is 1203 a multiple of 22?
False
Is 71 a factor of 4687585?
False
Does 1890 divide 4452840?
True
Is 476127 a multiple of 14?
False
Is 156210 a multiple of 10?
True
Is 31 a factor of 2198644?
True
Does 10 divide 18094694?
False
Is 26176 a multiple of 2?
True
Does 4 divide 157528?
True
Is 5 a factor of 1094517?
False
Is 20 a factor of 787929?
False
Does 884 divide 14220926?
False
Is 103 a factor of 109283?
True
Is 471488 a multiple of 47?
False
Does 39 divide 386239?
False
Is 520485 a multiple of 4?
False
Is 101412 even?
True
Is 68 a factor of 5648922?
False
Is 10 a factor of 41470?
True
Does 12 divide 440064?
True
Is 5 a factor of 53925?
True
Does 363 divide 460647?
True
Does 87 divide 4434861?
False
Does 44 divide 1994608?
True
Is 37 a factor of 158249?
True
Is 23162337 a multiple of 309?
False
Is 30774736 a multiple of 1388?
True
Does 228 divide 1270872?
True
Is 74290 a multiple of 38?
True
Is 89778 a multiple of 13?
True
Is 943642 a multiple of 14?
True
Is 17 a factor of 22203?
False
Does 92 divide 1553525?
False
Is 2188750 a multiple of 50?
True
Does 23 divide 957444?
True
Does 30 divide 3836017?
False
Does 236 divide 5632714?
False
Is 520477 a multiple of 42?
False
Is 1572368 a multiple of 556?
True
Is 33 a factor of 4750?
False
Is 27 a factor of 276549?
False
Is 60 a factor of 11677549?
False
Is 88 a factor of 4769?
False
Is 630955 a multiple of 13?
True
Is 2 a factor of 82030?
True
Does 52 divide 2767100?
False
Does 23 divide 8211230?
True
Is 840528 a multiple of 104?
True
Does 371 divide 36729?
True
Does 48 divide 6672?
True
Is 79703 a multiple of 466?
False
Does 1751 divide 10255607?
True
Is 1034534 a multiple of 98?
False
Is 88 a factor of 11961113?
False
Does 25 divide 148700?
True
Is 9584109 a multiple of 19?
False
Is 202 a factor of 178972?
True
Does 62 divide 151652?
True
Is 9 a factor of 236592?
True
Does 154 divide 829322?
False
Is 1344245 a multiple of 6?
False
Is 100782 a multiple of 10?
False
Is 196800 a multiple of 192?
True
Does 16 divide 251045?
False
Does 7 divide 940177?
True
Does 213 divide 24282?
True
Is 310 a factor of 871720?
True
Is 537 a factor of 16113488?
False
Is 14 a factor of 390110?
True
Is 715 a factor of 5224505?
True
Is 65444 a multiple of 28?
False
Does 113 divide 35819?
False
Is 66142 a multiple of 79?
False
Is 22 a factor of 1751178?
True
Is 27 a factor of 503307?
True
Is 22126231 a multiple of 17?
True
Does 13 divide 3978733?
False
Is 381991 a multiple of 2?
False
Does 22 divide 1000642?
False
Is 2 a factor of 569?
False
Is 796719 a multiple of 231?
True
Is 3 a factor of 7560?
True
Does 279 divide 151187?
False
Is 23 a factor of 634014?
False
Does 871 divide 3200054?
True
Is 489713 a multiple of 7?
True
Is 3 a factor of 3966879?
True
Does 333 divide 3537459?
True
Is 1245803 a multiple of 55?
False
Is 21663416 a multiple of 41?
True
Is 753516 a multiple of 27?
True
Is 4 a factor of 53933?
False
Is 871175 a multiple of 5?
True
Is 8 a factor of 20760?
True
Is 317880 a multiple of 20?
True
Is 26123734 a multiple of 751?
False
Does 38 divide 526280?
False
Does 589 divide 109890?
False
Does 1242 divide 11644992?
True
Is 2141930 a multiple of 7?
True
Is 5 a factor of 51605?
True
Is 129948 a multiple of 98?
True
Does 2 divide 41600?
True
Is 20 a factor of 15473492?
False
Is 253301 a multiple of 11?
False
Does 206 divide 1610302?
True
Does 25 divide 108215?
False
Is 4514142 a multiple of 699?
True
Is 51 a factor of 539070?
True
Is 7 a factor of 11375?
True
Is 419934 a multiple of 51?
True
Is 8 a factor of 51672?
True
Does 2 divide 50530?
True
Is 136890 a multiple of 234?
True
Is 1459429 a multiple of 60?
False
Does 59 divide 152881?
False
Is 64 a factor of 261358?
False
Does 692 divide 596774?
False
Is 14 a factor of 449509?
False
Is 279840 a multiple of 240?
True
Does 27 divide 8853?
False
Is 4635630 a multiple of 405?
True
Does 80 divide 19385200?
True
Does 378 divide 31914?
False
Does 811 divide 75814?
False
Is 250436 a multiple of 34?
False
Is 8152424 a multiple of 621?
False
Is 477 a factor of 1463951?
False
Is 1210584 a multiple of 12?
True
Is 110 a factor of 39050?
True
Is 671 a factor of 3819808?
False
Is 2621336 a multiple of 8?
True
Is 23241 a multiple of 72?
False
Is 547464 a multiple of 24?
True
Does 19 divide 200298?
True
Is 83 a factor of 2730534?
True
Is 21 a factor of 229908?
True
Does 244 divide 1383325?
False
Is 121397 a multiple of 2?
False
Is 33 a factor of 4828296?
True
Is 5916 a multiple of 21?
False
Is 860118 a multiple of 14?
True
Does 396 divide 379034?
False
Is 6095 a multiple of 115?
True
Does 204 divide 1584945?
False
Is 646297 a multiple of 47?
True
Does 7 divide 225267?
True
Is 7 a factor of 36309?
True
Is 3876372 a multiple of 282?
True
Is 19 a factor of 49229?
True
Does 329 divide 2777089?
True
Is 125698 a multiple of 138?
False
Is 149 a factor of 188033?
False
Is 6 a factor of 2000324?
False
Does 64 divide 13406326?
False
Does 3 divide 886539?
True
Is 97023 a multiple of 8?
False
Does 176 divide 797721?
False
Is 119 a factor of 82952?
False
Does 28 divide 4433688?
True
Is 518921 a multiple of 65?
False
Does 34 divide 67986?
False
Is 10831 a multiple of 10?
False
Does 38 divide 3767?
False
Is 20 a factor of 17952033?
False
Is 4967643 a multiple of 347?
False
Does 23 divide 1434987?
False
Is 7 a factor of 118678?
True
Is 3 a factor of 1260?
True
Is 2248953 a multiple of 49?
True
Is 82 a factor of 2916625?
False
Is 31 a factor of 4601341?
False
Is 17058 a multiple of 116?
False
Is 165 a factor of 539385?
True
Is 36861 a multiple of 22?
False
Does 177 divide 59409?
False
Is 80 a factor of 9411555?
False
Does 64 divide 35328?
True
Is 132049 a multiple of 915?
False
Is 123684 a multiple of 16?
False
Is 76843 a multiple of 40?
False
Is 216542 a multiple of 17?
False
Is 7908810 a multiple of 39?
True
Does 328 divide 637725?
False
Is 9085396 a multiple of 515?
False
Does 15 divide 140340?
True
Is 223 a